133. Calculate m(9).
16
Let l(x) = -85*x - 9. Calculate l(0).
-9
Let b(u) = -u**2 - 18*u + 37. What is b(-19)?
18
Let w(k) = -4*k - 12. What is w(-7)?
16
Let o(r) = 2*r**2 - 34*r + 112. What is o(5)?
-8
Let a(k) = 28*k**3 - k**2 - 2*k - 1. Give a(-1).
-28
Let a(i) = -i**2 + 4*i + 1. What is a(4)?
1
Let o(k) = 2*k - 8. What is o(10)?
12
Let t(y) = -2*y - 20. Give t(-9).
-2
Let j(r) = -2*r**2 + 36*r. Calculate j(0).
0
Let x(u) = 2*u - 19. Give x(14).
9
Let o(b) = b**3 - 2*b**2 + 2. Calculate o(2).
2
Let a(z) = -3*z**2 + 3*z - 4. Determine a(-5).
-94
Let n(k) = -k - 6. Calculate n(5).
-11
Let f(s) = -12*s + 24. What is f(6)?
-48
Let q(a) = 6*a + 3. Determine q(-1).
-3
Let c(p) = 8*p - 210. What is c(31)?
38
Let p(d) = d**2 - 9*d - 7. Calculate p(7).
-21
Let w(h) = 3*h + 24. Give w(-6).
6
Let a(r) = 6*r - 8. What is a(4)?
16
Let y(j) = -j**3 + 6*j**2 + 13*j - 49. Determine y(7).
-7
Let d(k) = -7*k - 25. What is d(-9)?
38
Let c(j) = 17*j - 1113. Give c(65).
-8
Let f(i) = i**2 + 14*i + 43. Give f(-5).
-2
Let u(v) = 2*v**3 - 24*v**2 - 6*v + 75. What is u(12)?
3
Let v(s) = -9*s**3 - 3*s**2 + 2*s + 4. Calculate v(-1).
8
Let c(p) = -p**2 + 24*p - 5. Give c(24).
-5
Let q(l) = -2*l**3 - 65*l**2 + 34*l + 22. Give q(-33).
-11
Let x(g) = g**3 - g**2 + 2*g + 3. Determine x(0).
3
Let w(m) = 7*m + 380. Give w(-54).
2
Let o(r) = -2*r**2 - 126*r + 136. Determine o(-64).
8
Let h(q) = -64*q**3 + q**2 - q + 2. Give h(1).
-62
Let s(x) = -3*x - 2. Give s(-2).
4
Let q(w) = -12*w**2 + w + 1. Calculate q(-1).
-12
Let s(d) = 3*d**3 + 6*d - 4. Determine s(1).
5
Let f(w) = -2*w - 33. Calculate f(-19).
5
Let n(u) = u**2 - 19*u - 47. What is n(21)?
-5
Let q(m) = 6*m + 30. Give q(-4).
6
Let s(x) = -8*x**3 - x**2 + 2*x - 1. Calculate s(1).
-8
Let d(m) = 12*m**2 + m + 1. Determine d(1).
14
Let r(u) = u**3 + 32*u**2 - u - 39. Determine r(-32).
-7
Let c(k) = k**3 - 19. Determine c(0).
-19
Let g(b) = b**3 + 35*b**2 - 72*b + 82. Give g(-37).
8
Let g(i) = -2*i + 3. Calculate g(-4).
11
Let k(m) = -7*m - 2. Calculate k(2).
-16
Let g(l) = -5*l**3 - l**2 - 2*l - 2. Give g(-1).
4
Let k(h) = -97*h + 1066. Determine k(11).
-1
Let q(p) = 6*p - 10. What is q(4)?
14
Let t(f) = -7*f + 69. Determine t(9).
6
Let b(y) = 3*y + 1. What is b(-3)?
-8
Let o(m) = -2*m**2 + 10*m + 2. Determine o(6).
-10
Let v(a) = -3*a + 149. Give v(48).
5
Let y(m) = -m - 29. Give y(-23).
-6
Let f(p) = p**2 + 3*p - 10. Determine f(6).
44
Let f(l) = l**2 - 21*l + 106. What is f(7)?
8
Let m(j) = -2*j + 22. Calculate m(15).
-8
Let j(w) = 3*w**2 + 9*w + 5. What is j(-4)?
17
Let u(r) = 11*r - 66. Determine u(5).
-11
Let c(y) = -y**2 - 8*y - 8. What is c(-4)?
8
Let l(a) = -a**2 + 25. Determine l(0).
25
Let p(u) = -u**3 - u**2 + 12*u + 9. Give p(-5).
49
Let v(s) = -70*s - 148. Give v(-2).
-8
Let u(a) = -a**2 + 11*a - 19. Give u(5).
11
Let r(b) = -b**3 + 11*b**2 + 28*b - 45. Give r(13).
-19
Let h(a) = a**3 - 15*a**2 - 33*a - 14. What is h(17)?
3
Let o(s) = -s**2 + 10*s + 4. Give o(9).
13
Let y(i) = -i**3 - 3*i**2 + 3*i - 4. What is y(-3)?
-13
Let f(v) = v**3 + 13*v**2 + 2*v + 5. What is f(-12)?
125
Let j(g) = 8*g + 87. Calculate j(-14).
-25
Let k(u) = -u**2 - 25*u - 79. Calculate k(-22).
-13
Let u(w) = 3*w - 129. Determine u(39).
-12
Let b(o) = -12*o**2 - 2*o. Calculate b(-2).
-44
Let j(f) = 3*f + 15. What is j(-6)?
-3
Let a(t) = 2*t**3 - t**2 - 2*t + 1. Determine a(-2).
-15
Let g(l) = l**3 + 2*l**2 - 2*l + 1. What is g(1)?
2
Let r(h) = h**2 - 4*h. Determine r(6).
12
Let b(h) = -4*h**2 - 25*h + 22. Determine b(-7).
1
Let i(r) = -13*r**3 - r**2 - 4*r + 8. Calculate i(2).
-108
Let q(u) = -u**3 + 13*u**2 - 21*u - 20. Calculate q(11).
-9
Let r(g) = g**3 + 9*g. Give r(0).
0
Let x(j) = -j**2 + 12*j - 13. Determine x(9).
14
Let q(a) = 3*a + 55. Give q(-20).
-5
Let r(w) = -3*w**2 + 8*w + 7. Give r(-1).
-4
Let i(o) = 11*o - 140. Give i(14).
14
Let z(h) = -h**3 + 13*h**2 - 4*h - 28. Calculate z(12).
68
Let v(q) = q + 7. Determine v(4).
11
Let l(u) = 4*u. Give l(5).
20
Let a(i) = 6*i + 27. Calculate a(7).
69
Let a(i) = -i**2 + 27*i - 87. Calculate a(23).
5
Let q(f) = -28*f + 36. Determine q(3).
-48
Let a(p) = -p**2 + 12*p + 51. Give a(15).
6
Let m(j) = -21*j - 382. What is m(-18)?
-4
Let m(f) = 11*f**2 - 3*f + 1. What is m(1)?
9
Let m(o) = o**2 - 56*o + 216. Determine m(4).
8
Let k(z) = -2*z**3 + 45*z**2 - 21*z + 35. Give k(22).
57
Let d(t) = -t + 16. What is d(9)?
7
Let r(o) = 2*o**3 - 2*o**2 + 3*o - 4. Determine r(2).
10
Let k(l) = 7*l - 83. Calculate k(14).
15
Let b(y) = -y**2 + 8*y + 9. Determine b(10).
-11
Let v(t) = -t**3 - 5*t**2 + 17*t - 2. Give v(-4).
-86
Let t(z) = -273*z**3 + 5*z**2 - 7*z + 1. Give t(1).
-274
Let j(w) = -7*w - 3. Give j(-2).
11
Let l(b) = b - 3. Calculate l(1).
-2
Let i(p) = -11*p - 276. Calculate i(-26).
10
Let v(n) = -n**3 - 13*n**2 + 17*n + 34. Give v(-14).
-8
Let y(g) = -g - 36. What is y(7)?
-43
Let h(t) = -t**3 + 11*t**2 - 4*t + 41. What is h(11)?
-3
Let d(n) = 89*n**2 + n. Calculate d(-1).
88
Let z(s) = 5*s**2 + 2*s + 6. Determine z(0).
6
Let u(z) = 2*z**3 - 19*z**2 + 28*z - 26. Calculate u(8).
6
Let y(s) = s**2 - 17*s + 15. Give y(1).
-1
Let x(y) = 87*y + 174. What is x(-2)?
0
Let z(x) = x**3 - 14*x**2 - 7*x + 69. Give z(14).
-29
Let u(x) = x**2 + 11*x - 3. What is u(-12)?
9
Let z(d) = -2*d**2 + 13*d - 6. What is z(6)?
0
Let i(h) = -5*h + 15. What is i(6)?
-15
Let s(a) = -a**3 + 15*a**2 - 58*a + 8. Give s(9).
-28
Let c(k) = 4*k**2 + 6*k + 5. Determine c(-4).
45
Let g(t) = -10*t - 2. What is g(5)?
-52
Let y(w) = 5*w + 209. What is y(-41)?
4
Let k(p) = p**3 - 12*p**2 + 13*p - 25. Determine k(12).
131
Let h(z) = -z**2 + 3*z. Give h(5).
-10
Let u(y) = -59*y**2 - 17*y + 16. Determine u(1).
-60
Let f(h) = 21*h**2 + h. Give f(-1).
20
Let o(s) = -5*s - 35. What is o(-8)?
5
Let w(j) = -j**3 + 3*j + 4. Determine w(3).
-14
Let u(k) = -26*k**3 - k**2 - 2*k - 1. Calculate u(-1).
26
Let t(s) = -2*s - 10. Determine t(-11).
12
Let x(r) = -r**3 - 18*r**2 - 36*r - 35. What is x(-16)?
29
Let r(l) = l + 4. Determine r(-4).
0
Let c(u) = -2*u**3 + 2*u**2 + 27*u - 7. Calculate c(4).
5
Let a(h) = -18*h - 11. Determine a(-5).
79
Let l(c) = 61*c**3 + c**2 + c + 1. Determine l(-1).
-60
Let p(n) = -2*n + 28. Calculate p(16).
-4
Let y(m) = m**2 + 4*m + 4. Give y(-4).
4
Let b(z) = z**3 + 3*z**2 - 2*z - 3. Calculate b(-3).
3
Let i(x) = -x**2 - 12*x - 10. Determine i(-10).
10
Let y(q) = -q**3 + 23*q**2 - 39*q - 46. Determine y(21).
17
Let t(a) = -a**2 + 10*a - 1. What is t(10)?
-1
Let l(s) = 2*s**3 + 3*s**2 - s - 2. Calculate l(-3).
-26
Let x(y) = 3*y**2 - 28*y - 2. Calculate x(12).
94
Let a(n) = -n**3 + 21*n**2 + 20*n + 39. What is a(22)?
-5
Let y(f) = -f**3 + 9*f**2 + 3*f - 22. Calculate y(9).
5
Let w(x) = -2*x**2 - 18*x + 13. Give w(-8).
29
Let p(i) = -14*i + 4. Give p(2).
-24
Let d(c) = -c**3 - 11*c**2 - 24*c - 3. Calculate d(-8).
-3
Let r(h) = h**2 - 11*h + 15. Give r(7).
-13
Let r(c) = 7*c + 229. What is r(-34)?
-9
Let p(k) = -k**3 + 10*k**2 + 20*k - 96. Calculate p(11).
3
Let q(c) = -7*c + 84. Give q(9).
21
Let f(o) = o + 17. Calculate f(-17).
0
Let b(h) = -h**3 + 9*h**2 + 27*h - 29. What is b(11)?
26
Let k(m) = 43*m + 251. Determine k(-6).
-7
Let b(u) = u**3 - 5*u**2 + 2*u + 1. What is b(5)?
11
Let j(l) = l + 26. What is j(-16)?
10
Let t(y) = -y**3 - 7*y**2 - 9*y - 12. Determine t(-6).
6
Let h(r) = -r**3 + 27*r**2 - 29*r + 75. Calculate h(26).
-3
Let l(s) = -11*s - 4. Calculate l(-2).
18
Let p(j) = j**2 - 6*j - 8. Determine p(7).
-1
Let c(l) = -8*l - 3. Calculate c(0).
-3
Let g(v) = 8*v + 22. Determine g(0).
22
Let l(v) = v**3 - 19*v**2 - 10*v + 188. Give l(19).
-2
Let w(o) = -15*o + 103. What is w(7)?
-2
Let m(c) = c**3 + 10*c**2 + 6*c - 14. What is m(-9)?
13
Let h(j) = j**3 - 6*j**2 + 1. What is h(-3)?
-80
Let h(b) = -b**3 - 2*b - 3. What is h(-2)?
9
Let t(s) = -s**2 + 8*s + 17. Determine t(9).
8
Let d(x) = x**2 - 21*x - 18. Calculate d(22).
4
Let z(n) = n**2 - 5. Determine z(-2).
-1
Let g(b) = 2*b + 5. Determine g(-11).
-17
Let w(c) = -c**2 + c + 9. Determine w(5).
-11
Let w(o) = 20*o**3 + 2*o**2 + o - 1. What is w(1)?
22
Let c(h) = h**3 - h**2 + 3*h - 7. Give c(2).
3
Let t(a) = -a**2 - 5*a + 10. Calculate t(-6).
4
Let q(x) = -x**2 - 8*x. Calculate q(-7).
7
Let h(n) = 2*n**3 - 10*n**2 + 10*n - 8. What is h(4)?
0
Let w(h